2 + 6*m + 32. Let o be y(s). Suppose -6 = j - o*u - 92, 0 = 4*u - 16. List the prime factors of j.
2, 53
Let b = 7503 + 3801. What are the prime factors of b?
2, 3, 157
Suppose -27*x = -38*x + 13904. Suppose 36*w = 37*w - x. What are the prime factors of w?
2, 79
Let h = 54 + 24. Let w = 147 + h. What are the prime factors of w?
3, 5
Suppose 0 = -4*a - l - 1010 - 736, 5*l - 1321 = 3*a. Let c = a + 761. List the prime factors of c.
2, 3
Suppose 6*z - z = 3*v + 320, 5*v = 25. Suppose -2*m - z = -5*r, 2*r = 3*m - 5*m + 38. Suppose -2*p - r = -5*p. List the prime factors of p.
5
Suppose -2*s + s + 14 = 0. Let v = -77 + 123. Let m = v + s. What are the prime factors of m?
2, 3, 5
Let w(b) = b**3 - 8*b**2 - 18*b - 18. Let r(t) = 2*t - 2. Let v be r(6). Let s be w(v). Suppose -s*x + 94 = 38. What are the prime factors of x?
2, 7
Let s = 4422 + -2971. List the prime factors of s.
1451
Suppose -64*j = 8312 - 760. Let p = 362 - j. What are the prime factors of p?
2, 3, 5
Let u(z) = 3265*z - 8599. List the prime factors of u(15).
2, 7, 103
Let r = 44 + 16. Let m(y) = -27*y - 30*y - y**2 - 11 + 3*y**2 + r*y. What are the prime factors of m(9)?
2, 89
List the prime factors of 6784 + 1 + 2 + -14.
13, 521
Let u be -4 - (-5 + 1502 + -3). Let q = 2125 + u. List the prime factors of q.
3, 11, 19
Let x(w) = 2*w + 15. Let t be x(-6). Let f be (-11)/t - (-2)/3. List the prime factors of 3 - -5 - (0 - f).
5
Suppose 3176 + 16433 = 3*x - 4*t, 5*x - 32705 = -5*t. What are the prime factors of x?
13, 503
Let g(z) = 2*z + 20. Let s be g(-9). Suppose -2*x = -s*c - 0*c + 158, -2*c + 128 = 4*x. Let t = 48 + c. List the prime factors of t.
2, 61
Let d(z) = 978*z + 232. List the prime factors of d(6).
2, 5, 61
Let r(i) = 240*i**2 - i + 3. Let q(g) = 239*g**2 - g + 4. Let w(l) = 3*q(l) - 4*r(l). Let s be w(-1). Let p = -93 - s. List the prime factors of p.
151
Suppose 237416 = 53*l + 167180 - 466548. What are the prime factors of l?
2, 3, 211
Let a = -174 - -174. Suppose 16*h - 27*h + 17699 = a. What are the prime factors of h?
1609
Let j(u) = 87*u**2 + 7*u - 6. Let c(b) = 175*b**2 + 13*b - 11. Let s(v) = 3*c(v) - 5*j(v). What are the prime factors of s(1)?
7, 13
Let o be 2/((-4)/6) + (-286)/22. Let u = o + 261. What are the prime factors of u?
5, 7
Let f = -29903 + 77963. What are the prime factors of f?
2, 3, 5, 89
Suppose 2*u - 4*c = -32, -3*c + 57 = -5*u - 2. Let k(f) = -3*f**3 - 10*f**2 + 16*f + 51. What are the prime factors of k(u)?
31, 61
Let i be 1 - (-2 + (-5 - -5)). Suppose 1150 = 5*n - i*o - 0*o, -5*o = 0. List the prime factors of n.
2, 5, 23
Let l(c) = 8*c + 93. Let o be l(-13). List the prime factors of ((-54)/9 - o) + (232 - -1).
2, 7, 17
Let j(h) = -5*h - 35. Let o be j(-11). Suppose t - o = -23. List the prime factors of 0/t - (-103 + 2).
101
Let i = 273 - 269. Let d(x) = 8*x**3 - x**2 - 5*x - 7. List the prime factors of d(i).
7, 67
Let g(c) = 170*c**3 + c**2 + 2*c - 2. Let n = 49 - 46. Suppose -j = 3*j + n*r - 16, 3*r = -j + 13. What are the prime factors of g(j)?
3, 19
Suppose o - 4 = y, -2*o = y + 2*o - 16. Suppose -4*u + 13 + 43 = y. Suppose 5*k - 121 = u. What are the prime factors of k?
3
Suppose -5*m = 4*l + 8, -6*m + 3*m = 12. List the prime factors of l + 36*50/5.
3, 11
Let d(b) = 2*b**2 - 5*b - 11. Let f be d(5). Let v = f + 18. Suppose 2*k + v = 180. What are the prime factors of k?
2, 37
Let n be (2 + (-77)/(-2))*4*3. Let h = n + -236. What are the prime factors of h?
2, 5
Let j(m) = 2499*m - 40. List the prime factors of j(2).
2, 37, 67
Let q = 3479 - -2924. What are the prime factors of q?
19, 337
Let l = -139 + -70. Let s = 607 - l. What are the prime factors of s?
2, 3, 17
Let v be 3 - ((5 - 5) + -1). Suppose 64 = v*i - 0*i. Suppose 21*q - i*q - 1045 = 0. What are the prime factors of q?
11, 19
Let i(o) = 112*o + 2312. What are the prime factors of i(112)?
2, 3, 619
Let c(j) = -276 + 0*j + j + 284. Let x be c(-6). Suppose 4*r - x*r = 272. What are the prime factors of r?
2, 17
Let l = -25 + 37. Suppose -3*i + 0*i - l = 0. List the prime factors of 30/((-18)/5 - i).
3, 5
Let o(p) = 2783*p**3 + 5*p**2 - 247*p + 737. List the prime factors of o(3).
2, 37591
Suppose -53*g = -178313 - 34005. What are the prime factors of g?
2, 2003
Let r(c) = -1921*c - 72. Let m be r(-4). Suppose -1972 = 12*p - m. List the prime factors of p.
2, 5, 47
Let j(f) = 3*f**2 + 70*f + 24. List the prime factors of j(53).
12161
Let y(x) = -x**2 + x + 237. Let g be y(0). Suppose -s = -5*f - g, 0*f = -2*f - 10. What are the prime factors of (-45)/2*(5 - s/20)?
2, 3, 7
Let d(t) = t**3 + t**2 - 2*t - 1. Let j(w) = -5*w**3 - 12*w**2 + 2*w - 32. Let g(o) = 6*d(o) + j(o). List the prime factors of g(10).
2, 131
Let l be -4*((-45)/(-10) + -5). Let y(k) = 4 + k**2 + k**3 + 41 + 29 - l*k. List the prime factors of y(0).
2, 37
Let d(m) = -m**3 + 41*m**2 - 45*m - 132. What are the prime factors of d(27)?
3, 2953
Let h(t) = 4779*t - 5147. What are the prime factors of h(5)?
2, 43, 109
Let k(g) = -43*g - 63. Let x be k(-25). Suppose 0 = y + 2*j - 495, -j = -2*y - 17 + x. List the prime factors of y.
7, 71
Suppose 7 = 3*n - x, 3*x + 5 = 5*n - 4. Suppose -3*d + 665 = -4*t, d + 6*t = n*t + 226. List the prime factors of d.
223
Suppose -v = 3*v. Let p(n) = -n**2 + 16. Let u be p(v). List the prime factors of (-2)/u + 233/8.
29
Let w be (-1 - 1)*7/((-28)/(-26)). List the prime factors of 181 - ((-12)/(-30) - w/5).
2, 89
Let i be 2 - -1 - (-5 - 1 - -1). Suppose -4*w = -o - 371, i*w + 5*o - 401 = 4*w. Suppose -9*u = -7*u - w. List the prime factors of u.
47
Let j be (130/78)/((-5)/(-12)). Suppose -4*d + 3648 = 4*s + 120, j*d - 3531 = -3*s. List the prime factors of d.
3, 5, 59
Let l be (2/(-4))/((-2)/148). Suppose 5*z + 8 = 4*i - l, 3*i - 3*z - 33 = 0. List the prime factors of i.
2, 5
Let w(m) = m**3 - 12*m**2 - 24*m + 40. Suppose 0 = 2*z - 2*b - 42, 4*z + 0*z - 2*b - 74 = 0. What are the prime factors of w(z)?
2, 5, 17
Suppose 3*y = y + 10. Suppose -3*o + 684 = j - y*o, j + o = 684. What are the prime factors of j?
2, 3, 19
Let p be 1054/102 - 4/(-6). Suppose -p*i + 15*i = 460. List the prime factors of i.
5, 23
Suppose -14*z + 3190 = -4*z. Let a = 931 - z. What are the prime factors of a?
2, 3, 17
Let c = -69 + 84. Suppose 6*o = c + 3. Suppose -s - o*y + 208 = 0, -4*s - 4*y = -6*y - 804. List the prime factors of s.
2, 101
Suppose f = 113 - 126. What are the prime factors of ((-2884)/16)/(f/52)?
7, 103
Let x be (8/10)/((-2)/(-5)). Suppose -5*y - x*b = b - 225, -y + 45 = -4*b. Let o = -6 + y. What are the prime factors of o?
3, 13
Suppose 37 = h + 38. Let n be (-36)/(-7) + (-2 + h)/21. Suppose -3*v = 5*k - 2*k - 369, n*k - 5*v - 625 = 0. What are the prime factors of k?
2, 31
What are the prime factors of (-3)/3*5*4470/(-25)?
2, 3, 149
Let g = -1011 + 2642. Let b = -379 + g. List the prime factors of b.
2, 313
Suppose -2 = -2*k + 2. Let r be k*(1 + 9/(-2))*1. Let t = 59 - r. List the prime factors of t.
2, 3, 11
Let m(d) = -18*d**3 + 51*d**2 - 51*d - 9. What are the prime factors of m(-13)?
3, 16273
Suppose f = -5*n - 1 + 7, 5*f = n - 22. Suppose -1960 = -n*t - 3*t. List the prime factors of t.
2, 7
Suppose 857*j + 4*y + 193172 = 862*j, -38605 = -j + 5*y. List the prime factors of j.
2, 3, 5, 7, 23
Let h be (7 - -1 - 4) + 15. Let j = 248 + h. What are the prime factors of j?
3, 89
Let j be (-75)/(-10)*(-12)/(-15). Let y = -12 + j. Let o = y - -54. What are the prime factors of o?
2, 3
Let f(c) = -88*c - 9. Let a be f(-7). Let x = 1024 - a. What are the prime factors of x?
3, 139
Let m(i) = 20*i**2 - 145*i - 949. What are the prime factors of m(55)?
2, 3, 7, 307
Let q(i) = 4*i**3 - 2*i**2 - 2*i + 4. Let b = 125 - 111. Let s be 12/b*28/8. List the prime factors of q(s).
2, 11
Let s = 254 + -974. Let n = -252 - s. List the prime factors of n.
2, 3, 13
Let k(l) be the second derivative of 5*l**3/6 - 4*l**2 + 3818*l. Suppose 2*h + y - 6 = 10, 4*h + y - 36 = 0. What are the prime factors of k(h)?
2, 3, 7
Let m(q) = -2034*q - 4825. List the prime factors of m(-9).
13, 17, 61
Let u = -152 - -156. Suppose -u*z - 2*h - h = -1190, -z = 3*h - 302. What are the prime factors of z?
2, 37
Let f(h) = -h**2 - 16*h + 65. Let n be f(-19). Suppose n*a - 2211 = 1861. What are the prime factors of a?
509
S